u**3 + 15*u**2 + 16*u + 30. Let o be v(-14). Suppose 15 = -5*j + o*j, 4*j = 5*y - 5. Let t = y + 18. Calculate the remainder when 17 is divided by t.
2
Suppose -33*w = -524 - 433. Let l(i) = 3*i**2 - 13*i - 4. Let s be l(9). Let u = s - 67. Calculate the remainder when u is divided by w.
26
Let s(d) = 9025*d + 9053. Let b be (10 + -2)/(-1 + 2). Let z = 7 + b. Calculate the remainder when s(-1) is divided by z.
13
Suppose 18*x - 750 = 5928. Let v = x + -364. What is the remainder when 22 is divided by v?
1
Let r(v) = v**3 - v**2 + 12*v - 59. Let s = -453 - -857. What is the remainder when s is divided by r(4)?
34
Let f = -22786 - -22864. Calculate the remainder when 23943 is divided by f.
75
Suppose 4*m - 2006 = -d, -22*d + 21*d = 6. Calculate the remainder when m is divided by 73.
65
Suppose -3*x = -5*k + 1884, 21 = 5*x + 11. Let y = -277 + k. What is the remainder when y is divided by 13?
10
Let t = -3449 - -3446. Let v(q) = -3*q + 3. Let m be v(2). Calculate the remainder when 101 is divided by m*190/(-15) + t.
31
Suppose 271*g - 274*g = -27. Let r(h) = -4*h + 1. Let k be r(-3). Suppose 0 = 5*i - 17 - k. What is the remainder when g is divided by i?
3
Let o(i) = -90*i + 664. Calculate the remainder when 756 is divided by o(7).
8
Suppose 0 = 2*c + 7*c - 45. Suppose -q - 7*g + 12*g + 20 = 0, 125 = 4*q - c*g. What is the remainder when 313 is divided by q?
33
What is the remainder when -6*-6*33/(-44)*-1 is divided by 14?
13
Suppose 24*f + 66878 = 42*f + 16*f. What is the remainder when f is divided by 24?
23
Suppose 2*j + 3*q + 257 = 0, 5*j + 0*q + 668 = q. Let r be 148/(-6)*147/14. Let z = j - r. Calculate the remainder when z is divided by 43.
40
Let l(f) = -5*f - 27. Let q = 49 + -5. Suppose -3*v = 4*i + q, 47 = -3*i + 2*v + 14. Calculate the remainder when l(i) is divided by 5.
3
Suppose -5*c - 2523 = -6*o - 0*o, 3*c - 5*o + 1511 = 0. Let u = c + 529. What is the remainder when 326 is divided by u?
18
Let g(n) = -8*n - 158. Let r be g(-19). What is the remainder when -4 + 1 + 1 + r/(-1) is divided by 3?
1
Let i(d) = -80*d**3 - 2*d**2 - 449*d - 1769. Calculate the remainder when i(-4) is divided by 61.
52
Suppose 2*j = -2*u + 91 + 899, 0 = -j + 2*u + 486. Let m be -7 + 25/5 + -1 + 17. Suppose -m*o = -18*o + j. Calculate the remainder when o is divided by 25.
23
Suppose -96996 + 76132 = -261*j + 101545. What is the remainder when 3304 is divided by j?
21
Suppose -643 = 4*a + 5*x, 2*a + 10*x = 14*x - 328. What is the remainder when (30/(-4))/(27/a) + -1 is divided by 22?
0
Suppose 0 = -37*l - 457 + 2640. Calculate the remainder when l is divided by (-148)/(-5) - 6/(-15).
29
Suppose 0 = -2*u + 5*j - 195, 2*j = 2*u - 3*u - 75. Let n = -1 - u. Calculate the remainder when n is divided by 17.
16
Let i = 2717 + -2690. What is the remainder when 321 is divided by i?
24
Let h = 4229 - 3819. Calculate the remainder when h is divided by 53.
39
Let q = 292 - 176. Suppose q + 644 = 5*p. What is the remainder when p is divided by 26?
22
Let o(h) = -2*h**2 + 9*h - 8. Let u be o(1). Calculate the remainder when (-2150)/(-30) - u/3 is divided by 54.
18
Let q = -39 + 154. Suppose q = 2*y - 3*x, 0 = 4*x + 38 - 26. What is the remainder when y is divided by 39?
14
Let z(t) be the first derivative of -t**4/4 + 11*t**3/3 - 6*t**2 + 40*t + 55. Calculate the remainder when 56 is divided by z(10).
16
Suppose 138*b - 132*b - 180 = 0. What is the remainder when b is divided by (-15 - -16)*(8 - -1)?
3
Suppose -r + 9*r = 48. Let i(j) = 4*j**2 - 8*j + 5. What is the remainder when i(r) is divided by 15?
11
Suppose -352 = -26*b + 985 + 2277. Calculate the remainder when 539 is divided by b.
122
What is the remainder when 1134 is divided by 164 - -4 - 1 - -16?
36
Let o = -7535 - -7557. Suppose -103 - 61 = -4*p. What is the remainder when p is divided by o?
19
Let x = -4291 - -4343. Calculate the remainder when 411 is divided by x.
47
What is the remainder when 1154 is divided by (-33 + 3)*((-6)/(-45)*18)/(-1)?
2
Suppose 4*c - 2*m = 26 + 110, 0 = -4*c + 3*m + 132. Calculate the remainder when 165 is divided by (-8 - (-348)/c)/(1/3).
0
Suppose 144*v - 100*v - 8930 = 30054. What is the remainder when v is divided by 44?
6
Suppose 12*w - 20*w + 13*w = 0. Suppose -2*i - 2*b + 72 = w, b - 33 + 145 = 3*i. Calculate the remainder when 219 is divided by i.
34
Let c(s) = 3*s**2 - 35*s - 311. Let p be 10/(-15)*21/2. What is the remainder when 237 is divided by c(p)?
75
Let g = 3322 - 3277. Calculate the remainder when 189 is divided by g.
9
Suppose -4*b + 912 = 47*d - 50*d, 2*b + 2*d - 470 = 0. Calculate the remainder when b is divided by (-1 - 51)/((-14)/7).
23
Let v = 1244 + -1166. What is the remainder when 190 is divided by v?
34
Suppose 23595 = 292*x - 12905. What is the remainder when x is divided by 14?
13
Calculate the remainder when 242 is divided by ((-1380)/322)/((-6)/63).
17
Suppose -42*q + 25*q - 380 = -27*q. Suppose 0 = -z + 4*l + 1 + 19, 3*z + 5*l = 94. Calculate the remainder when q is divided by z.
10
Let z be (-262)/(-4)*(-10)/5. Let o = -120 - z. Let u(w) = 9*w + 3. What is the remainder when u(3) is divided by o?
8
Suppose 0 = 4*g + i - 285, -g - 354 = -6*g - 2*i. Let s(x) = -15*x - 93. Calculate the remainder when g is divided by s(-9).
30
Let m(p) = p**3 + 14*p**2 - 132*p - 1565. Calculate the remainder when m(-15) is divided by 16.
14
Suppose -4 = -v - v + 4*d, -4*v + d = -1. Suppose -2*r = 3*r, 4*t + 3*r - 44 = v. Let u = -14 + 21. Calculate the remainder when t is divided by u.
4
Let n = 204 - 219. Calculate the remainder when 42 is divided by (-106)/(-6) - (-7 + (-115)/n).
8
Let j = 1252 + -1172. Calculate the remainder when 87 is divided by j.
7
Let x(v) = 22*v + 2. Let k = -9480 - -9750. Calculate the remainder when k is divided by x(3).
66
Suppose 0 = -3*m - 3*z + 48, -4*m - 3*z + 76 = 14. Let r = -60 - -19. Let n = -37 - r. Calculate the remainder when m is divided by n.
2
Let i(p) = -p**2 + 34*p + 963. What is the remainder when 13040 is divided by i(-18)?
26
Suppose 2*d = -4*m + 30, -2*m = -3*d - 37 + 50. Let n(o) = -12*o - 5. Calculate the remainder when n(-4) is divided by d.
1
Suppose -1822*n = -p - 1824*n + 299, -p + 320 = -5*n. What is the remainder when 1076 is divided by p?
161
Suppose -5*y + y - 36 = 0. Let n be -1 + y/(45/(-20)). Suppose z = -5*f + 31, -n*f - 107 = -2*z + 2*f. Calculate the remainder when z is divided by 16.
14
Suppose -3*l + 5 = -0*d + d, -9 = -2*l + 5*d. Suppose -4*h - 4*v + 108 = 0, -v - 6 + 62 = l*h. Calculate the remainder when 57 is divided by h.
28
Let p(x) = 81*x**2 + 84*x - 1560. Calculate the remainder when p(19) is divided by 10.
7
Let i = -4815 + 4890. What is the remainder when 107 is divided by i?
32
Let n(d) = d**3 + 3*d**2 - 3*d - 3. Let k be n(-2). Suppose 2946 = 13*j - k*j. What is the remainder when j is divided by 41?
40
Suppose 3139 - 7745 - 5124 = -7*t. What is the remainder when t is divided by 231?
4
Suppose 0 = 2*t - n - 187, -4*n = 4*t - t - 308. Let w = t + -33. Calculate the remainder when 251 is divided by w.
62
Let x = 6 - 1. Suppose -3*c + 6 = 21, 0 = -x*q - 3*c - 435. Let n = q - -121. What is the remainder when n is divided by 20?
17
Suppose -40*q + 605 - 125 = 0. What is the remainder when 1439 is divided by q?
11
Let g = 21607 - 21604. What is the remainder when 4100 is divided by g?
2
Let s(q) = q**3 + q**2 + 7*q + 8. Let u be s(0). Suppose 989 - 581 = u*m. Calculate the remainder when 303 is divided by m.
48
Suppose 2*z - 5 - 11 = 0. Let i = -5802 - -5808. Suppose i*r = -z*r + 126. What is the remainder when 33 is divided by r?
6
Suppose 20*c - 683 = -2*c + 1979. What is the remainder when 641 is divided by c?
36
Let f(g) = 54*g**3 - g**2 + 3*g. Let a be f(2). Suppose 2 = x - 1, -2*x = 4*j + a. Let o = 147 + j. What is the remainder when 143 is divided by o?
32
Suppose -v + 1 = 0, 345 = -4*m + 2*m + v. Let b = 265 + m. Calculate the remainder when b is divided by 25.
18
Suppose -2*p + 4*t = -38, -t + 0*t = 3*p - 64. Suppose p*o - 91 = 14*o. Suppose -104 = -3*q + 79. What is the remainder when q is divided by o?
9
Suppose 25*u - 444 = 23*u. Let v = 265 - u. Calculate the remainder when v is divided by 12.
7
Let s = 2112 + -2069. What is the remainder when 85 is divided by s?
42
Suppose 